= -3*h + 3. What is the highest common factor of a and 36?
18
Let q = 29 - 29. Suppose 2*y + 4*d - 26 = 0, -3*y + d + q*d + 53 = 0. Calculate the greatest common divisor of 34 and y.
17
Let h = -72 - -77. Calculate the greatest common divisor of 45 and h.
5
Let m = 15 + -4. What is the highest common divisor of m and 77?
11
Let x = 14 - 11. Calculate the highest common factor of x and 15.
3
Let g(x) = -2*x + x**2 + x**3 + 3 + 4*x**2 + 3*x + x**2. Let n be g(-5). Calculate the greatest common factor of n and 161.
23
Suppose -4*x + 5*x - 35 = 0. Suppose 31 = 5*j + 3*m - 42, 0 = -4*j + 3*m + 53. What is the greatest common divisor of j and x?
7
Suppose 2*t - 4*t + 14 = -4*i, -2*t + i = -2. Let p = t + 2. What is the greatest common factor of p and 5?
1
Let d be -3 + 31 - (-8 - -4). Calculate the greatest common factor of d and 8.
8
Let u(t) = -t**3 - 5*t**2 + 5*t + 9. Let c be u(-6). What is the highest common factor of c and 15?
15
Let s(k) = k**2 - 2*k - 16. Let f be s(8). What is the greatest common factor of f and 4?
4
Suppose s = 4*d - 10, 4*d = -3*s + 2*s + 6. Suppose 2*n - q = 35, d*n = -3*q + 12 + 19. What is the greatest common factor of 34 and n?
17
Let a(v) = -v**3 - 15*v**2 - 6*v - 2. Let g be a(-15). What is the greatest common factor of g and 8?
8
Let u(f) = -f**2 + 6*f - 6. Let v be u(4). Suppose -v*r - 6 = -116. Let x be 270/50 - 2/5. Calculate the highest common divisor of r and x.
5
Suppose s - 48 = 3*s. Let l be (s/(-18))/(2/36). Calculate the highest common factor of l and 16.
8
Let i(t) = 2*t + 31. Let j be i(-11). Calculate the greatest common factor of 3 and j.
3
Let v be 3 + (-3)/((-3)/2). Let w be -2*(2 + v/(-2)). Suppose b - 4*h + 17 = 0, -4*h = 3*b - 17 - 12. Calculate the highest common divisor of b and w.
1
Let t be (1*-2)/2 - -31. Suppose 2*s - 1 = 3. Suppose 0 = s*y + 3*y - 60. What is the highest common divisor of t and y?
6
Let p be (0 + (-38)/(-8))*4. Let o be 699/12 - (-4)/(-16). Let y = o - 39. What is the greatest common divisor of y and p?
19
Let u(j) = 20*j - 12. Let q be u(7). Let r be 64/(-12)*-3*1. What is the greatest common divisor of r and q?
16
Let s(d) = 43*d**2 + 3*d - 3. Let x be s(2). Calculate the highest common factor of 70 and x.
35
Suppose -2*x = -0*x - 28. Calculate the greatest common divisor of x and 14.
14
Suppose 171 = 4*m - 3*i, 17 = -m - 3*i + 56. What is the highest common divisor of m and 21?
21
Let z(x) = x**3 + 8*x**2 - 9*x - 7. Let g be z(-6). Calculate the greatest common divisor of g and 17.
17
Suppose -w = 3*w + 28. Let c(g) = -g**3 - 8*g**2 - 7*g + 8. Let b be c(w). Calculate the greatest common factor of b and 32.
8
Suppose -3*r = -r + 8. Let q = 3 - r. Calculate the greatest common factor of 70 and q.
7
Suppose -4*a + 2*a + 70 = 0. Let y be 710/a - 2/7. Calculate the greatest common factor of 4 and y.
4
Let v be (-9 - -12) + 36 + -2 + 1. Calculate the highest common divisor of v and 95.
19
Let f(h) = -4*h**3 - 2*h**2 + 1. Let t be f(-1). Calculate the greatest common divisor of 3 and t.
3
Let f be 2088/10 + (-8)/(-40). Calculate the greatest common divisor of f and 19.
19
Let u(m) = 5*m + 225. Let d be u(0). What is the greatest common divisor of d and 25?
25
Let r be ((-4)/4 + 75/(-9))*-3. Calculate the greatest common factor of r and 7.
7
Let n = -9 + 11. Suppose -n*i = -228 - 2. Calculate the greatest common factor of i and 23.
23
Let d(x) = 7*x + 7. Let a be d(5). Let t(q) = -q + 21. Suppose -6*f + f = 0. Let i be t(f). What is the greatest common divisor of i and a?
21
Let y be (8/10)/((-4)/(-10)). Let j be 13 + (0 - (y - 6)). Calculate the greatest common factor of j and 153.
17
Let k(z) = z**3 - 8*z**2 + 0*z**3 + 2 + 9*z + 0*z. Let t be k(7). What is the highest common factor of 2 and t?
2
Let m(r) = r + 6. Let x be m(5). Calculate the greatest common factor of x and 77.
11
Let d(j) = 52*j - 6. Let n be d(3). Let m be n/(-5)*2/(-5). Calculate the greatest common divisor of m and 108.
12
Let j be 13 + -1 + -4 + 1. Let u be j/27*(-3)/(-1). What is the highest common divisor of 5 and u?
1
Let b be (3/(-9))/(2/(-12)). Let o be (-7)/(-2) + 1/b. Let p be (-1*9/(-3))/3. Calculate the highest common divisor of o and p.
1
Suppose 3*l + w = 75 - 13, 3*l + 4*w - 68 = 0. What is the highest common divisor of l and 4?
4
Suppose 5*p - p = 56. Suppose 4*n - 280 = -2*j - j, -5*j + 280 = 4*n. What is the highest common factor of p and n?
14
Suppose 3 = -3*c - 6. Suppose 60 = -i + 21. Let q be (-2)/c + i/(-9). What is the greatest common divisor of q and 40?
5
Let z = -13 + 13. Suppose z*t + 45 = 3*t. Calculate the highest common divisor of t and 15.
15
Suppose 5*u = 4*t - 107, -t + 30 = -0*u + 2*u. Calculate the greatest common factor of t and 42.
14
Let x be 11/(-3 + (2 - -2)). Suppose -k = -4*k + 231. What is the greatest common divisor of x and k?
11
Let h be (-4)/5 + (-2828)/(-35) + 0. What is the highest common factor of 200 and h?
40
Let y be (2/(-4))/(((-2)/2)/26). Let a(z) = 2*z**3 - 8*z**2 + 2*z + 5. Let w be a(5). What is the highest common divisor of w and y?
13
Let x be (22/(-2) - 3)*-5. Calculate the highest common divisor of 14 and x.
14
Let u = 6 + -18. Let i be 8/u*3/(-2). Calculate the greatest common divisor of 9 and i.
1
Let z(r) = 3*r - 11. Let u be z(8). Let k = -14 - -27. What is the highest common divisor of u and k?
13
Let i(h) = -2*h**2 + 12*h - 9. Let u be i(5). Let c = 1 - 2. Let y be (2/5)/(c/(-5)). Calculate the highest common factor of y and u.
1
Suppose -a - a = 5*w - 46, a + 5*w = 28. Let t = 200 + -38. Calculate the highest common divisor of t and a.
18
Suppose -53 = 5*u + 5*y + 132, 5*y = 5*u + 175. Let t = u - -69. Calculate the highest common factor of t and 22.
11
Let m(s) = s**3 + 5*s**2 + 4*s + 4. Let t be m(-4). Suppose x - 28 = -2. Suppose 2*k = 98 - x. Calculate the highest common factor of k and t.
4
Let d(m) = -m**3 - 4*m**2 + 3*m. Let k be d(2). Let t = 33 + k. Calculate the greatest common divisor of t and 120.
15
Let h = -23 + 27. What is the greatest common factor of h and 16?
4
Suppose 48*t = 49*t - 32. Calculate the greatest common divisor of t and 160.
32
Let z = -83 + 45. Let m = z + 55. Let x = 33 + -16. What is the highest common factor of x and m?
17
Suppose 0 = z - p - 49, -3*z = 2*p + p - 123. Suppose -4*m = 2*v + 3*v - 72, 36 = 2*m - 2*v. What is the highest common divisor of m and z?
9
Let q(b) = 6*b - 4. Let v be q(4). Suppose 3*x - 15 - 7 = -2*m, -3*m + 2*x + v = 0. What is the highest common factor of 24 and m?
8
Let g be ((-88)/(-10))/(208/(-70) - -3). Calculate the greatest common factor of g and 44.
44
Let r be 1/(1/(-16)) + -3. Let m = 31 + r. Calculate the greatest common divisor of 8 and m.
4
Let p = 1 + 1. Let o be 18/(-4)*(p - 4). Calculate the highest common divisor of o and 63.
9
Let i(x) = 16*x - 6. Let l be i(2). Calculate the greatest common divisor of 286 and l.
26
Suppose 4*l + 32 = 3*l. Let v = -2 - l. Calculate the highest common divisor of v and 12.
6
Let g(h) = -h**2 + 8*h. Let a be g(4). Calculate the highest common divisor of a and 8.
8
Suppose -5*x + 20 = u, -20 = x + 7*u - 2*u. Let b be (-6)/9 + x/3. Let v = -9 - -16. What is the highest common factor of v and b?
1
Let m(o) = o**3 + 11*o**2 + o + 1. Let c be -1 - (5 - -2 - 2). Let r be m(c). What is the highest common divisor of 25 and r?
25
Let m be (-1)/3 + (-1)/(-3). Let k(u) = -u**2 + 3. Let i be k(m). Let g(f) = 2*f - 12. Let a be g(12). Calculate the highest common divisor of i and a.
3
Suppose o = -4 + 22. Let h = 22 + 176. Calculate the highest common factor of o and h.
18
Suppose 5*i - 2*w - 533 = 0, 0 = 8*i - 4*i + 4*w - 404. What is the highest common divisor of i and 70?
35
Suppose 7*k = 6*k + 154. Calculate the highest common divisor of 14 and k.
14
Suppose 5*l - 10*l + 140 = 0. What is the greatest common divisor of 70 and l?
14
Let i(a) = 7*a - 1. Let c be i(3). Calculate the greatest common factor of 10 and c.
10
Let k = -8 - -13. Let l(a) = -a**3 + 9*a**2 - 10*a + 7. Let b be l(6). What is the highest common factor of k and b?
5
Let s(v) = 15*v - 3. Let a be s(2). Suppose -2*o + 3 = -a. What is the highest common factor of 3 and o?
3
Suppose 0 = -2*f - 5*f + 182. Calculate the highest common factor of f and 39.
13
Let y(t) = 32*t*